nder when 378 is divided by 7.
0
What is the remainder when 477 is divided by 80?
77
Calculate the remainder when 29 is divided by 14.
1
Calculate the remainder when 102 is divided by 36.
30
Calculate the remainder when 162 is divided by 80.
2
What is the remainder when 112 is divided by 19?
17
Calculate the remainder when 107 is divided by 20.
7
Calculate the remainder when 2497 is divided by 115.
82
What is the remainder when 61053 is divided by 18?
15
Calculate the remainder when 280 is divided by 14.
0
What is the remainder when 119 is divided by 55?
9
What is the remainder when 89 is divided by 14?
5
What is the remainder when 1556 is divided by 82?
80
What is the remainder when 64 is divided by 24?
16
Calculate the remainder when 223 is divided by 70.
13
Calculate the remainder when 2998 is divided by 25.
23
What is the remainder when 202 is divided by 12?
10
What is the remainder when 3177 is divided by 74?
69
Calculate the remainder when 515 is divided by 100.
15
Calculate the remainder when 652 is divided by 16.
12
What is the remainder when 391 is divided by 68?
51
What is the remainder when 191 is divided by 66?
59
What is the remainder when 428 is divided by 89?
72
Calculate the remainder when 171 is divided by 59.
53
Calculate the remainder when 3923 is divided by 12.
11
What is the remainder when 446 is divided by 8?
6
What is the remainder when 227 is divided by 99?
29
Calculate the remainder when 3174 is divided by 132.
6
Calculate the remainder when 814 is divided by 82.
76
What is the remainder when 763 is divided by 9?
7
Calculate the remainder when 1580 is divided by 36.
32
What is the remainder when 27 is divided by 15?
12
What is the remainder when 132 is divided by 5?
2
Calculate the remainder when 2603 is divided by 12.
11
Calculate the remainder when 91 is divided by 50.
41
What is the remainder when 5541 is divided by 126?
123
Calculate the remainder when 343 is divided by 75.
43
What is the remainder when 288 is divided by 58?
56
What is the remainder when 145 is divided by 13?
2
What is the remainder when 399 is divided by 20?
19
Calculate the remainder when 2395 is divided by 11.
8
What is the remainder when 5649 is divided by 50?
49
Calculate the remainder when 1028 is divided by 342.
2
What is the remainder when 92 is divided by 26?
14
What is the remainder when 163 is divided by 42?
37
What is the remainder when 3631 is divided by 23?
20
Calculate the remainder when 162 is divided by 83.
79
Calculate the remainder when 2795 is divided by 136.
75
Calculate the remainder when 79 is divided by 20.
19
What is the remainder when 10724 is divided by 13?
12
Calculate the remainder when 408 is divided by 25.
8
What is the remainder when 372 is divided by 104?
60
Calculate the remainder when 98 is divided by 55.
43
Calculate the remainder when 473 is divided by 17.
14
What is the remainder when 363 is divided by 95?
78
What is the remainder when 82 is divided by 17?
14
Calculate the remainder when 3102 is divided by 37.
31
What is the remainder when 5087 is divided by 32?
31
Calculate the remainder when 230 is divided by 65.
35
What is the remainder when 7767 is divided by 177?
156
Calculate the remainder when 54 is divided by 7.
5
Calculate the remainder when 1351 is divided by 437.
40
What is the remainder when 549 is divided by 79?
75
What is the remainder when 1010 is divided by 499?
12
What is the remainder when 4287 is divided by 12?
3
What is the remainder when 20 is divided by 9?
2
Calculate the remainder when 117 is divided by 5.
2
Calculate the remainder when 145 is divided by 74.
71
What is the remainder when 65 is divided by 23?
19
What is the remainder when 443 is divided by 43?
13
What is the remainder when 109 is divided by 31?
16
What is the remainder when 1999 is divided by 23?
21
What is the remainder when 268 is divided by 85?
13
What is the remainder when 174 is divided by 16?
14
What is the remainder when 1333 is divided by 17?
7
Calculate the remainder when 532 is divided by 141.
109
What is the remainder when 766 is divided by 63?
10
Calculate the remainder when 327 is divided by 77.
19
What is the remainder when 183 is divided by 62?
59
What is the remainder when 16 is divided by 2?
0
What is the remainder when 472 is divided by 11?
10
What is the remainder when 314 is divided by 81?
71
Calculate the remainder when 230 is divided by 47.
42
Calculate the remainder when 1901 is divided by 173.
171
What is the remainder when 224 is divided by 45?
44
What is the remainder when 4173 is divided by 25?
23
What is the remainder when 452 is divided by 106?
28
What is the remainder when 910 is divided by 19?
17
Calculate the remainder when 1677 is divided by 20.
17
Calculate the remainder when 358 is divided by 4.
2
Calculate the remainder when 4341 is divided by 174.
165
What is the remainder when 128 is divided by 53?
22
What is the remainder when 145 is divided by 8?
1
Calculate the remainder when 64 is divided by 24.
16
What is the remainder when 174 is divided by 13?
5
Calculate the remainder when 648 is divided by 50.
48
Calculate the remainder when 791 is divided by 763.
28
What is the remainder when 526 is divided by 45?
31
What is the remainder when 229 is divided by 58?
55
Calculate the remainder when 1219 is divided by 248.
227
Calculate the remainder when 160 is divided by 81.
79
Calculate the remainder when 183 is divided by 93.
90
Calculate the remainder when 3989 is divided by 14.
13
Calculate the remainder when 2722 is divided by 894.
40
What is the remainder when 339 is divided by 33?
9
Calculate the remainder when 588 is divided by 189.
21
What is the remainder when 3034 is divided by 1514?
6
What is the remainder when 196 is divided by 125?
71
Calculate the remainder when 76 is divided by 27.
22
What is the remainder when 2014 is divided by 21?
19
Calculate the remainder when 159 is divided by 34.
23
What is the remainder when 172 is divided by 17?
2
What is the remainder when 385 is divided by 23?
17
What is the remainder when 11248 is divided by 250?
248
What is the remainder when 4724 is divided by 63?
62
What is the remainder when 322 is divided by 42?
28
Calculate the remainder when 2240 is divided by 30.
20
What is the remainder when 28 is divided by 5?
3
Calculate the remainder when 16 is divided by 15.
1
What is the remainder when 500 is divided by 23?
17
Calculate the remainder when 138 is divided by 30.
18
Calculate the remainder when 1021 is divided by 25.
21
Calculate the remainder when 673 is divided by 203.
64
What is the remainder when 8767 is divided by 31?
25
Calculate the remainder when 138 is divided by 29.
22
Calculate the remainder when 538 is divided by 48.
10
What is the remainder when 598 is divided by 100?
98
Calculate the remainder when 2131 is divided by 440.
371
Calculate the remainder when 1365 is divided by 22.
1
What is the remainder when 374 is divided by 14?
10
What is the remainder when 91 is divided by 27?
10
Calculate the remainder when 1030 is divided by 129.
127
What is the remainder when 356 is divided by 24?
20
What is the remainder when 137 is divided by 46?
45
Calculate the remainder when 176 is divided by 38.
24
What is the remainder when 9 is divided by 9?
0
What is the remainder when 2087 is divided by 11?
8
What is the remainder when 1877 is divided by 6?
5
Calculate the remainder when 15529 is divided by 93.
91
What is the remainder when 311 is divided by 66?
47
Calculate the remainder when 6888 is divided by 10.
8
What is the remainder when 284 is divided by 8?
4
Calculate the remainder when 130 is divided by 16.
2
What is the remainder when 204 is divided by 20?
4
What is the remainder when 239 is divided by 51?
35
Calculate the remainder when 28820 is divided by 37.
34
Calculate the remainder when 361 is divided by 68.
21
What is the remainder when 123 is divided by 51?
21
What is the remainder when 11907 is divided by 229?
228
What is the remainder when 190 is divided by 112?
78
Calculate the remainder when 149 is divided by 50.
49
What is the remainder when 101 is divided by 30?
11
What is the remainder when 533 is divided by 134?
131
Calculate the remainder when 44 is divided by 13.
5
What is the remainder when 4597 is divided by 2